{"version":"1.0","provider_name":"Iglesia San Nicol\u00e1s Valencia - Monumento hist\u00f3rico y tur\u00edstico - Capilla Sixtina","provider_url":"https:\/\/www.sannicolasvalencia.com\/en","author_name":"laura","author_url":"https:\/\/www.sannicolasvalencia.com\/en\/author\/laura\/","title":"FIESTA DE SAN JUDAS TADEO | Iglesia San Nicol\u00e1s Valencia - Monumento hist\u00f3rico y tur\u00edstico - Capilla Sixtina","type":"rich","width":600,"height":338,"html":"<blockquote class=\"wp-embedded-content\" data-secret=\"A4ZQ8dcOeW\"><a href=\"https:\/\/www.sannicolasvalencia.com\/en\/2025\/10\/15\/fiesta-de-san-judas-tadeo-2\/\">FIESTA DE SAN JUDAS TADEO<\/a><\/blockquote><iframe sandbox=\"allow-scripts\" security=\"restricted\" src=\"https:\/\/www.sannicolasvalencia.com\/en\/2025\/10\/15\/fiesta-de-san-judas-tadeo-2\/embed\/#?secret=A4ZQ8dcOeW\" width=\"600\" height=\"338\" title=\"&#8220;FIESTA DE SAN JUDAS TADEO&#8221; &#8212; Iglesia San Nicol\u00e1s Valencia - Monumento hist\u00f3rico y tur\u00edstico - Capilla Sixtina\" data-secret=\"A4ZQ8dcOeW\" frameborder=\"0\" marginwidth=\"0\" marginheight=\"0\" scrolling=\"no\" class=\"wp-embedded-content\"><\/iframe><script>\n\/*! This file is auto-generated *\/\n!function(d,l){\"use strict\";l.querySelector&&d.addEventListener&&\"undefined\"!=typeof URL&&(d.wp=d.wp||{},d.wp.receiveEmbedMessage||(d.wp.receiveEmbedMessage=function(e){var t=e.data;if((t||t.secret||t.message||t.value)&&!\/[^a-zA-Z0-9]\/.test(t.secret)){for(var s,r,n,a=l.querySelectorAll('iframe[data-secret=\"'+t.secret+'\"]'),o=l.querySelectorAll('blockquote[data-secret=\"'+t.secret+'\"]'),c=new RegExp(\"^https?:$\",\"i\"),i=0;i<o.length;i++)o[i].style.display=\"none\";for(i=0;i<a.length;i++)s=a[i],e.source===s.contentWindow&&(s.removeAttribute(\"style\"),\"height\"===t.message?(1e3<(r=parseInt(t.value,10))?r=1e3:~~r<200&&(r=200),s.height=r):\"link\"===t.message&&(r=new URL(s.getAttribute(\"src\")),n=new URL(t.value),c.test(n.protocol))&&n.host===r.host&&l.activeElement===s&&(d.top.location.href=t.value))}},d.addEventListener(\"message\",d.wp.receiveEmbedMessage,!1),l.addEventListener(\"DOMContentLoaded\",function(){for(var e,t,s=l.querySelectorAll(\"iframe.wp-embedded-content\"),r=0;r<s.length;r++)(t=(e=s[r]).getAttribute(\"data-secret\"))||(t=Math.random().toString(36).substring(2,12),e.src+=\"#?secret=\"+t,e.setAttribute(\"data-secret\",t)),e.contentWindow.postMessage({message:\"ready\",secret:t},\"*\")},!1)))}(window,document);\n\/\/# sourceURL=https:\/\/www.sannicolasvalencia.com\/wp-includes\/js\/wp-embed.min.js\n<\/script>","thumbnail_url":"https:\/\/www.sannicolasvalencia.com\/wp-content\/uploads\/2024\/09\/WEB_COB8742-scaled-e1760536405238.jpg","thumbnail_width":2560,"thumbnail_height":1062,"description":"El pr\u00f3ximo 28 de octubre celebramos la Fiesta del Ap\u00f3stol San Judas Tadeo,\u00a0 por la efem\u00e9ride de su martirio. Santo de gran devoci\u00f3n en nuestra Parroquia, conocido como protector en las causas perdidas y desesperadas. Programa de la jornada El templo estar\u00e1 abierto al culto religioso de 8 a 13:30h y de 17 a 20h [&hellip;]"}

Iglesia San Nicolás Valencia - Monumento histórico y turístico - Capilla Sixtina

FIESTA DE SAN JUDAS TADEO | Iglesia San Nicolás Valencia - Monumento histórico y turístico - Capilla Sixtina

<blockquote class="wp-embedded-content" data-secret="A4ZQ8dcOeW"><a href="https://www.sannicolasvalencia.com/en/2025/10/15/fiesta-de-san-judas-tadeo-2/">FIESTA DE SAN JUDAS TADEO</a></blockquote><iframe sandbox="allow-scripts" security="restricted" src="https://www.sannicolasvalencia.com/en/2025/10/15/fiesta-de-san-judas-tadeo-2/embed/#?secret=A4ZQ8dcOeW" width="600" height="338" title="&#8220;FIESTA DE SAN JUDAS TADEO&#8221; &#8212; Iglesia San Nicolás Valencia - Monumento histórico y turístico - Capilla Sixtina" data-secret="A4ZQ8dcOeW" frameborder="0" marginwidth="0" marginheight="0" scrolling="no" class="wp-embedded-content"></iframe><script>
/*! This file is auto-generated */
!function(d,l){"use strict";l.querySelector&&d.addEventListener&&"undefined"!=typeof URL&&(d.wp=d.wp||{},d.wp.receiveEmbedMessage||(d.wp.receiveEmbedMessage=function(e){var t=e.data;if((t||t.secret||t.message||t.value)&&!/[^a-zA-Z0-9]/.test(t.secret)){for(var s,r,n,a=l.querySelectorAll('iframe[data-secret="'+t.secret+'"]'),o=l.querySelectorAll('blockquote[data-secret="'+t.secret+'"]'),c=new RegExp("^https?:$","i"),i=0;i<o.length;i++)o[i].style.display="none";for(i=0;i<a.length;i++)s=a[i],e.source===s.contentWindow&&(s.removeAttribute("style"),"height"===t.message?(1e3<(r=parseInt(t.value,10))?r=1e3:~~r<200&&(r=200),s.height=r):"link"===t.message&&(r=new URL(s.getAttribute("src")),n=new URL(t.value),c.test(n.protocol))&&n.host===r.host&&l.activeElement===s&&(d.top.location.href=t.value))}},d.addEventListener("message",d.wp.receiveEmbedMessage,!1),l.addEventListener("DOMContentLoaded",function(){for(var e,t,s=l.querySelectorAll("iframe.wp-embedded-content"),r=0;r<s.length;r++)(t=(e=s[r]).getAttribute("data-secret"))||(t=Math.random().toString(36).substring(2,12),e.src+="#?secret="+t,e.setAttribute("data-secret",t)),e.contentWindow.postMessage({message:"ready",secret:t},"*")},!1)))}(window,document);
//# sourceURL=https://www.sannicolasvalencia.com/wp-includes/js/wp-embed.min.js
</script>

El próximo 28 de octubre celebramos la Fiesta del Apóstol San Judas Tadeo,  por la efeméride de su martirio. Santo de gran devoción en nuestra Parroquia, conocido como protector en las causas perdidas y desesperadas. Programa de la jornada El templo estará abierto al culto religioso de 8 a 13:30h y de 17 a 20h [&hellip;]
